{"id":777,"date":"2020-01-10T10:34:25","date_gmt":"2020-01-10T10:34:25","guid":{"rendered":"http:\/\/qsms.mokk.bme.hu\/?page_id=777"},"modified":"2020-03-18T13:36:58","modified_gmt":"2020-03-18T13:36:58","slug":"stodygames","status":"publish","type":"page","link":"https:\/\/qsms.bme.hu\/index.php\/stodygames\/","title":{"rendered":""},"content":{"rendered":"<h2><img loading=\"lazy\" decoding=\"async\" class=\"aligncenter size-large wp-image-779\" src=\"https:\/\/qsms.bme.hu\/wp-content\/uploads\/2020\/01\/logo-1024x86.png\" alt=\"stody+games logo\" width=\"840\" height=\"71\" srcset=\"https:\/\/qsms.bme.hu\/wp-content\/uploads\/2020\/01\/logo-1024x86.png 1024w, https:\/\/qsms.bme.hu\/wp-content\/uploads\/2020\/01\/logo-300x25.png 300w, https:\/\/qsms.bme.hu\/wp-content\/uploads\/2020\/01\/logo-768x64.png 768w, https:\/\/qsms.bme.hu\/wp-content\/uploads\/2020\/01\/logo-1200x101.png 1200w\" sizes=\"auto, (max-width: 709px) 85vw, (max-width: 909px) 67vw, (max-width: 1362px) 62vw, 840px\" \/><\/h2>\n<h2>Budapest, 14-15 October 2020<\/h2>\n<p>The aim of <strong>Stody+games, the Meeting on Games, Stochastics, and Dynamics<\/strong>\u00a0is to bring together researchers who work on mathematical questions related to stochastic and dynamic features of games and to facilitate discussions and collaborations on this area. The meeting will include several talks given by experts and a poster session.<\/p>\n<div><strong><span style=\"color: #339966;\">Date<\/span><\/strong>:\u00a0Wednesday+Thursday,\u00a0 14+15 October 2020<\/div>\n<p><strong><span style=\"color: #339966;\">Location<\/span><\/strong>:\u00a0\u00a0<a href=\"http:\/\/www.bme.hu\/?language=en\" rel=\"nofollow\">Budapest University of Technology and Economics (BME)<\/a>, Budapest,\u00a0<a href=\"https:\/\/goo.gl\/maps\/Ry2Zzvdzu7A2\">Building Q<\/a>, Room TBA<\/p>\n<h3>Speakers<\/h3>\n<ul>\n<li><a href=\"https:\/\/arkpred.wixsite.com\/arkpred\">Arkadi Predtetchinski<\/a>, Maastricht University,<\/li>\n<li><a href=\"https:\/\/economiaefinanza.luiss.it\/en\/docenti\/cv\/30217\">Marco Scarsini<\/a>, LUISS University,<\/li>\n<li><a href=\"https:\/\/sites.google.com\/site\/eilonsolanphd\/\">Eilon Solan<\/a>, Tel-Aviv University,<\/li>\n<li><a href=\"http:\/\/users.stat.umn.edu\/~sudde001\/\">William Sudderth<\/a>, University of Minnesota,<\/li>\n<\/ul>\n<h3>Registration<\/h3>\n<p>Registration is free but obligatory. The registration form will be available soon.<\/p>\n<h3>Organising committee<\/h3>\n<ul>\n<li><a href=\"https:\/\/galitashkenazi.wixsite.com\/website-8\">Galit\u00a0Ashkenazi-Golan<\/a>, Tel-Aviv University, galit.ashkenazi@gmail.com<\/li>\n<li><a href=\"https:\/\/sites.google.com\/site\/janosflesch\/home\">J\u00e1nos Flesch<\/a>, Maastricht University, j.flesch@maastrichtuniversity.nl<\/li>\n<li><a href=\"https:\/\/qsms.mokk.bme.hu\/index.php\/koczy\/\">L\u00e1szl\u00f3 \u00c1. K\u00f3czy<\/a>, BME &amp; CERS, koczy@finance.bme.hu<\/li>\n<li><a href=\"https:\/\/sites.google.com\/site\/miklospinter\/homeeng\">Mikl\u00f3s Pint\u00e9r<\/a>, BME, pinter@math.bme.hu<\/li>\n<li><a href=\"https:\/\/english.tau.ac.il\/profile\/eilons\">Eilon Solan<\/a>, Tel-Aviv University,\u00a0eilons@tauex.tau.ac.il<\/li>\n<\/ul>\n","protected":false},"excerpt":{"rendered":"<p>Budapest, 14-15 October 2020 The aim of Stody+games, the Meeting on Games, Stochastics, and Dynamics\u00a0is to bring together researchers who work on mathematical questions related to stochastic and dynamic features of games and to facilitate discussions and collaborations on this area. The meeting will include several talks given by experts and a poster session. Date:\u00a0Wednesday+Thursday,\u00a0 &hellip; <a href=\"https:\/\/qsms.bme.hu\/index.php\/stodygames\/\" class=\"more-link\">Continue reading<span class=\"screen-reader-text\"> &#8220;&#8221;<\/span><\/a><\/p>\n","protected":false},"author":3,"featured_media":0,"parent":0,"menu_order":0,"comment_status":"closed","ping_status":"closed","template":"","meta":{"footnotes":""},"class_list":["post-777","page","type-page","status-publish","hentry"],"_links":{"self":[{"href":"https:\/\/qsms.bme.hu\/index.php\/wp-json\/wp\/v2\/pages\/777","targetHints":{"allow":["GET"]}}],"collection":[{"href":"https:\/\/qsms.bme.hu\/index.php\/wp-json\/wp\/v2\/pages"}],"about":[{"href":"https:\/\/qsms.bme.hu\/index.php\/wp-json\/wp\/v2\/types\/page"}],"author":[{"embeddable":true,"href":"https:\/\/qsms.bme.hu\/index.php\/wp-json\/wp\/v2\/users\/3"}],"replies":[{"embeddable":true,"href":"https:\/\/qsms.bme.hu\/index.php\/wp-json\/wp\/v2\/comments?post=777"}],"version-history":[{"count":9,"href":"https:\/\/qsms.bme.hu\/index.php\/wp-json\/wp\/v2\/pages\/777\/revisions"}],"predecessor-version":[{"id":879,"href":"https:\/\/qsms.bme.hu\/index.php\/wp-json\/wp\/v2\/pages\/777\/revisions\/879"}],"wp:attachment":[{"href":"https:\/\/qsms.bme.hu\/index.php\/wp-json\/wp\/v2\/media?parent=777"}],"curies":[{"name":"wp","href":"https:\/\/api.w.org\/{rel}","templated":true}]}}