{"id":5,"date":"2018-10-05T07:55:48","date_gmt":"2018-10-05T07:55:48","guid":{"rendered":"http:\/\/qsms.mokk.bme.hu\/?page_id=5"},"modified":"2025-05-27T20:59:22","modified_gmt":"2025-05-27T20:59:22","slug":"people","status":"publish","type":"page","link":"https:\/\/qsms.bme.hu\/index.php\/people\/","title":{"rendered":"Researchers"},"content":{"rendered":"<h5>Members of the QSMS Research Group<\/h5>\n<h6>Senior Research Fellows:<\/h6>\n<ul>\n<li><a href=\"http:\/\/qsms.bme.hu\/index.php\/dobos\/\"><em>Imre Dobos<\/em><\/a> (<em>production\/operations management, operations research, inventory management<\/em>)\u00a0<\/li>\n<li><a href=\"http:\/\/qsms.bme.hu\/index.php\/janky\/\"><em>B\u00e9la Janky<\/em><\/a>\u00a0(<em>ethnic stereotypes, acculturation, rational choice theory <\/em>)<\/li>\n<li><a href=\"http:\/\/qsms.bme.hu\/index.php\/koczy\/\"><em>L\u00e1szl\u00f3 \u00c1. K\u00f3czy <\/em><\/a><em>(<strong>director<\/strong>; game theory, social choice theory, voting, energy economics)<\/em><\/li>\n<li><a href=\"http:\/\/qsms.bme.hu\/index.php\/koltai\/\"><em>Tam\u00e1s Koltai<\/em><\/a> (<em>production planning and scheduling, production management, operations management<\/em>)<\/li>\n<li><a href=\"http:\/\/qsms.bme.hu\/index.php\/szakadat\/\"><em>Istv\u00e1n Szakad\u00e1t<\/em><\/a>\u00a0(<em>theory of action,\u00a0game theory, digital culture<\/em>)<\/li>\n<li><a href=\"http:\/\/qsms.bme.hu\/index.php\/szamado\/\"><em>Szabolcs Sz\u00e1mad\u00f3<\/em><\/a> (<em>honesty of communication<\/em>)<\/li>\n<li><a href=\"http:\/\/qsms.bme.hu\/index.php\/zilahy\/\"><em>Gyula Zilahy<\/em><\/a> (s<em>ustainable business models, sustainable development in business, sustainable consumption<\/em>)<\/li>\n<\/ul>\n<h6>Research Fellows:<\/h6>\n<ul>\n<li><a href=\"http:\/\/qsms.bme.hu\/index.php\/aslan\/\"><em>Fatma Aslan<\/em><\/a><em> (matching theory, market design, social choice theory, voting, experimental economics)<\/em><\/li>\n<li><em><a href=\"http:\/\/qsms.bme.hu\/index.php\/cabau\/\">No\u00e9mie Cabau<\/a> (contract theory, network formation games)<\/em><\/li>\n<li><em><a href=\"https:\/\/qsms.bme.hu\/index.php\/sandrini\/\">Luca Sandrini<\/a> (industrial organization, economics of innovation, patents and licensing)<\/em><\/li>\n<li><a href=\"http:\/\/qsms.bme.hu\/index.php\/somogyi\/\"><em>R\u00f3bert Somogyi<\/em><\/a><em>\u00a0(microeconomic theory, industrial organization, digital economics)<\/em><\/li>\n<li><em><a href=\"https:\/\/qsms.bme.hu\/index.php\/arseniy-samsonov\/\">Arseniy Samsonov<\/a><\/em>\u00a0<em>(political economy, media economics, social media)<\/em><\/li>\n<li><em><a href=\"https:\/\/qsms.bme.hu\/index.php\/christopher-stapenhurst\/\">Christopher Stapenhurst<\/a><\/em>\u00a0<em>(microeconomic theory, applied statistics, environmental economics)<\/em><\/li>\n<li><em><a href=\"https:\/\/qsms.bme.hu\/index.php\/leanne-streekstra\/\">Leanne Streekstra<\/a> (game theory, mechanism design, social choice theory)<\/em><\/li>\n<\/ul>\n\n\n<p><\/p>\n","protected":false},"excerpt":{"rendered":"<p>Members of the QSMS Research Group Senior Research Fellows: Imre Dobos (production\/operations management, operations research, inventory management)\u00a0 B\u00e9la Janky\u00a0(ethnic stereotypes, acculturation, rational choice theory ) L\u00e1szl\u00f3 \u00c1. K\u00f3czy (director; game theory, social choice theory, voting, energy economics) Tam\u00e1s Koltai (production planning and scheduling, production management, operations management) Istv\u00e1n Szakad\u00e1t\u00a0(theory of action,\u00a0game theory, digital culture) Szabolcs &hellip; <a href=\"https:\/\/qsms.bme.hu\/index.php\/people\/\" class=\"more-link\">Continue reading<span class=\"screen-reader-text\"> &#8220;Researchers&#8221;<\/span><\/a><\/p>\n","protected":false},"author":1,"featured_media":0,"parent":0,"menu_order":0,"comment_status":"closed","ping_status":"closed","template":"","meta":{"footnotes":""},"class_list":["post-5","page","type-page","status-publish","hentry"],"_links":{"self":[{"href":"https:\/\/qsms.bme.hu\/index.php\/wp-json\/wp\/v2\/pages\/5","targetHints":{"allow":["GET"]}}],"collection":[{"href":"https:\/\/qsms.bme.hu\/index.php\/wp-json\/wp\/v2\/pages"}],"about":[{"href":"https:\/\/qsms.bme.hu\/index.php\/wp-json\/wp\/v2\/types\/page"}],"author":[{"embeddable":true,"href":"https:\/\/qsms.bme.hu\/index.php\/wp-json\/wp\/v2\/users\/1"}],"replies":[{"embeddable":true,"href":"https:\/\/qsms.bme.hu\/index.php\/wp-json\/wp\/v2\/comments?post=5"}],"version-history":[{"count":44,"href":"https:\/\/qsms.bme.hu\/index.php\/wp-json\/wp\/v2\/pages\/5\/revisions"}],"predecessor-version":[{"id":1468,"href":"https:\/\/qsms.bme.hu\/index.php\/wp-json\/wp\/v2\/pages\/5\/revisions\/1468"}],"wp:attachment":[{"href":"https:\/\/qsms.bme.hu\/index.php\/wp-json\/wp\/v2\/media?parent=5"}],"curies":[{"name":"wp","href":"https:\/\/api.w.org\/{rel}","templated":true}]}}