{"id":32,"date":"2018-10-05T08:05:00","date_gmt":"2018-10-05T08:05:00","guid":{"rendered":"http:\/\/qsms.mokk.bme.hu\/?page_id=32"},"modified":"2025-03-05T09:09:16","modified_gmt":"2025-03-05T09:09:16","slug":"somogyi","status":"publish","type":"page","link":"https:\/\/qsms.bme.hu\/index.php\/somogyi\/","title":{"rendered":"R\u00f3bert Somogyi"},"content":{"rendered":"<p><a href=\"#contact\">Contact details<\/a>\u00a0 \u00a0 \u00a0 \u00a0 \u00a0 \u00a0 \u00a0\u00a0<a href=\"#resint\">Research interests<\/a>\u00a0 \u00a0 \u00a0 \u00a0 \u00a0<a href=\"#selpub\">Publications<\/a> <img loading=\"lazy\" decoding=\"async\" class=\"size-medium wp-image-101 alignleft\" src=\"https:\/\/qsms.bme.hu\/wp-content\/uploads\/2018\/10\/Photo_RS.jpg\" alt=\"\" width=\"240\" height=\"300\" \/><\/p>\n<p>Robert Somogyi works as an Associate Professor at the Department of Finance of the Budapest University of Technology and Economics and as a Senior Research Fellow at the Institute of Economics, KRTK. He completed his Ph.D. in Economics at Ecole Polytechnique and CREST under the supervision of Francis Bloch in 2016, after which he joined the CORE research center of Universit\u00e9 catholique de Louvain for two years as a Postdoctoral Researcher. His research interests are Microeconomic theory, Industrial organization of the digital economy, and Agent-based computational economics. &gt;&gt;&gt;<a href=\"https:\/\/drive.google.com\/file\/d\/1jEyb4a9tUBXdR_76a0ZAF9qKpKkCwHxG\/view?usp=sharing\">Download_CV<\/a><\/p>\n<p><a href=\"https:\/\/sites.google.com\/site\/robertsomogyi\/\"><img loading=\"lazy\" decoding=\"async\" class=\"wp-image-198 alignleft\" src=\"https:\/\/qsms.bme.hu\/wp-content\/uploads\/2018\/10\/globe-300x300.png\" alt=\"\" width=\"25\" height=\"25\" srcset=\"https:\/\/qsms.bme.hu\/wp-content\/uploads\/2018\/10\/globe-300x300.png 300w, https:\/\/qsms.bme.hu\/wp-content\/uploads\/2018\/10\/globe-150x150.png 150w, https:\/\/qsms.bme.hu\/wp-content\/uploads\/2018\/10\/globe.png 768w\" sizes=\"auto, (max-width: 25px) 85vw, 25px\" \/><\/a><a href=\"https:\/\/scholar.google.fr\/citations?user=G-KTgHUAAAAJ\"><img loading=\"lazy\" decoding=\"async\" class=\"alignleft wp-image-147 \" src=\"https:\/\/qsms.bme.hu\/wp-content\/uploads\/2018\/10\/google.png\" alt=\"\" width=\"25\" height=\"25\" \/><\/a><a href=\"https:\/\/ideas.repec.org\/f\/pso291.html\" rel=\"attachment wp-att-153\"><img loading=\"lazy\" decoding=\"async\" class=\"alignleft wp-image-153 size-medium\" src=\"https:\/\/qsms.bme.hu\/wp-content\/uploads\/2018\/10\/repec2.png\" alt=\"\" width=\"75\" height=\"26\" \/><\/a><a href=\"https:\/\/twitter.com\/RobertSomogyi1\"><img loading=\"lazy\" decoding=\"async\" class=\"alignleft\" src=\"https:\/\/qsms.bme.hu\/wp-content\/uploads\/2018\/10\/twitter-300x300.png\" alt=\"\" width=\"25\" height=\"25\" \/><\/a><\/p>\n<h5 id=\"contact\">Contact details<\/h5>\n<p>QA328,\u00a0Department of Finance, Faculty of Economic and Social Sciences, Budapest University of Technology and Economics, Magyar tud\u00f3sok k\u00f6r\u00fatja 2, H-1117 Budapest.\u00a0<a href=\"mailto:somogyi@finance.bme.hu\">somogyi.robert@gtk.bme.hu<\/a><\/p>\n<h5 id=\"resint\">Research interests<\/h5>\n<p>Microeconomic theory; industrial organization; digital economics;\u00a0agent-based computational economics<\/p>\n<h5 id=\"selpub\">Selected publications<\/h5>\n<ul>\n<li class=\"zfr3Q CDt4Ke \" dir=\"ltr\"><a class=\"XqQF9c\" href=\"https:\/\/papers.ssrn.com\/sol3\/papers.cfm?abstract_id=3468458\" target=\"_blank\" rel=\"noopener\"><span class=\"C9DxTc aw5Odc \">Deceptive Features on Platforms<\/span><\/a><span class=\"C9DxTc \">\u00a0<\/span><span class=\"C9DxTc \">with\u00a0<\/span><a class=\"XqQF9c\" href=\"http:\/\/sites.google.com\/site\/johannesjohneneconomist\/home\" target=\"_blank\" rel=\"noopener\"><span class=\"C9DxTc aw5Odc \">Johannes Johnen<\/span><\/a><span class=\"C9DxTc \">,\u00a0<\/span><span class=\"C9DxTc \">The Economic Journal<\/span><span class=\"C9DxTc \">, 2024.<\/span><\/li>\n<li class=\"zfr3Q CDt4Ke \" dir=\"ltr\"><a class=\"XqQF9c\" href=\"https:\/\/onlinelibrary.wiley.com\/doi\/full\/10.1111\/jems.12556\" target=\"_blank\" rel=\"noopener\"><span class=\"C9DxTc aw5Odc \">Monopoly Pricing with Dual Capacity Constraints<\/span><\/a><span class=\"C9DxTc \">,<\/span><span class=\"C9DxTc \">\u00a0<\/span><span class=\"C9DxTc \">Journal of Economics &amp; Management Strategy,\u00a0<\/span><span class=\"C9DxTc \">2024<\/span><span class=\"C9DxTc \">.<\/span><\/li>\n<li class=\"zfr3Q CDt4Ke \" dir=\"ltr\"><a class=\"XqQF9c\" href=\"https:\/\/www.sciencedirect.com\/science\/article\/pii\/S0165176523003427\" target=\"_blank\" rel=\"noopener\"><span class=\"C9DxTc aw5Odc \">Generative AI and Deceptive News Consumption<\/span><\/a><span class=\"C9DxTc \">\u00a0<\/span><span class=\"C9DxTc \">with\u00a0<\/span><a class=\"XqQF9c\" href=\"https:\/\/sites.google.com\/view\/lucasandriniphd\/\" target=\"_blank\" rel=\"noopener\"><span class=\"C9DxTc aw5Odc \">Luca Sandrini<\/span><\/a><span class=\"C9DxTc \">,\u00a0<\/span><span class=\"C9DxTc \">Economics Letters,\u00a0<\/span><span class=\"C9DxTc \">2023<\/span><span class=\"C9DxTc \">.<\/span><\/li>\n<li class=\"zfr3Q CDt4Ke \" dir=\"ltr\"><a class=\"XqQF9c\" href=\"https:\/\/doi.org\/10.1016\/j.geb.2023.03.010\" target=\"_blank\" rel=\"noopener\"><span class=\"C9DxTc aw5Odc \">Competition with Capacity Uncertainty &#8211; Feasting on Leftovers<\/span><\/a><span class=\"C9DxTc \">\u00a0<\/span><span class=\"C9DxTc \">with\u00a0<\/span><a class=\"XqQF9c\" href=\"https:\/\/sites.google.com\/site\/gvirag77\/\" target=\"_blank\" rel=\"noopener\"><span class=\"C9DxTc aw5Odc \">G<\/span><span class=\"C9DxTc aw5Odc \">\u00e1bor<\/span><span class=\"C9DxTc aw5Odc \">\u00a0Vir\u00e1g<\/span><\/a><span class=\"C9DxTc \">\u00a0and\u00a0<\/span><a class=\"XqQF9c\" href=\"https:\/\/econ.columbia.edu\/econpeople\/wouter-vergote\/\" target=\"_blank\" rel=\"noopener\"><span class=\"C9DxTc aw5Odc \">W<\/span><span class=\"C9DxTc aw5Odc \">outer<\/span><span class=\"C9DxTc aw5Odc \">\u00a0Vergote<\/span><\/a><span class=\"C9DxTc \">,<\/span><span class=\"C9DxTc \"><br \/><\/span><span class=\"C9DxTc \">Games a<\/span><span class=\"C9DxTc \">nd\u00a0<\/span><span class=\"C9DxTc \">Economic Behavior<\/span><span class=\"C9DxTc \">,\u00a0<\/span><span class=\"C9DxTc \">2023.<\/span><\/li>\n<li class=\"zfr3Q CDt4Ke \" dir=\"ltr\"><a class=\"XqQF9c\" href=\"https:\/\/www.sciencedirect.com\/science\/article\/pii\/S1755436523000269\" target=\"_blank\" rel=\"noopener\"><span class=\"C9DxTc aw5Odc \">Optimal Capacity Sharing for Global Genomic Surveillance<\/span><\/a><span class=\"C9DxTc \">\u00a0<\/span><span class=\"C9DxTc \">with\u00a0<\/span><a class=\"XqQF9c\" href=\"https:\/\/www.rug.nl\/staff\/z.z.meder\/\" target=\"_blank\" rel=\"noopener\"><span class=\"C9DxTc aw5Odc \">Zsombor M\u00e9der<\/span><\/a><span class=\"C9DxTc \">, 202<\/span><span class=\"C9DxTc \">3,\u00a0<\/span><span class=\"C9DxTc \">Epidemics<\/span><span class=\"C9DxTc \">.<\/span><\/li>\n<li class=\"zfr3Q CDt4Ke \" dir=\"ltr\"><a class=\"XqQF9c\" href=\"https:\/\/doi.org\/10.1016\/j.ijindorg.2020.102662\" target=\"_blank\" rel=\"noopener\"><span class=\"C9DxTc aw5Odc \">Prioritization vs Zero-rating: Discrimination on the Internet<\/span><\/a><span class=\"C9DxTc \">, with<\/span><span class=\"C9DxTc \">\u00a0<\/span><a class=\"XqQF9c\" href=\"http:\/\/www.lcii.eu\/people\/gautier-axel\/\" target=\"_blank\" rel=\"noopener\"><span class=\"C9DxTc aw5Odc \">Axel Gautier<\/span><\/a><span class=\"C9DxTc \">,\u00a0<\/span><span class=\"C9DxTc \">2020,<\/span><span class=\"C9DxTc \">\u00a0International Journal of Industrial Organization<\/span><span class=\"C9DxTc \">.<\/span><\/li>\n<li class=\"zfr3Q CDt4Ke \" dir=\"ltr\"><a class=\"XqQF9c\" href=\"https:\/\/doi.org\/10.1016\/j.mathsocsci.2020.08.004\" target=\"_blank\" rel=\"noopener\"><span class=\"C9DxTc aw5Odc \">Bertrand-Edgeworth Competition with Substantial Horizontal Product Differentiation<\/span><\/a><span class=\"C9DxTc \">, 2020,\u00a0<\/span><span class=\"C9DxTc \">Mathematical Social Sciences.<\/span><\/li>\n<\/ul>\n\n\n<p><\/p>\n","protected":false},"excerpt":{"rendered":"<p>Contact details\u00a0 \u00a0 \u00a0 \u00a0 \u00a0 \u00a0 \u00a0\u00a0Research interests\u00a0 \u00a0 \u00a0 \u00a0 \u00a0Publications Robert Somogyi works as an Associate Professor at the Department of Finance of the Budapest University of Technology and Economics and as a Senior Research Fellow at the Institute of Economics, KRTK. He completed his Ph.D. in Economics at Ecole Polytechnique and &hellip; <a href=\"https:\/\/qsms.bme.hu\/index.php\/somogyi\/\" class=\"more-link\">Continue reading<span class=\"screen-reader-text\"> &#8220;R\u00f3bert Somogyi&#8221;<\/span><\/a><\/p>\n","protected":false},"author":1,"featured_media":0,"parent":0,"menu_order":0,"comment_status":"closed","ping_status":"closed","template":"","meta":{"footnotes":""},"class_list":["post-32","page","type-page","status-publish","hentry"],"_links":{"self":[{"href":"https:\/\/qsms.bme.hu\/index.php\/wp-json\/wp\/v2\/pages\/32","targetHints":{"allow":["GET"]}}],"collection":[{"href":"https:\/\/qsms.bme.hu\/index.php\/wp-json\/wp\/v2\/pages"}],"about":[{"href":"https:\/\/qsms.bme.hu\/index.php\/wp-json\/wp\/v2\/types\/page"}],"author":[{"embeddable":true,"href":"https:\/\/qsms.bme.hu\/index.php\/wp-json\/wp\/v2\/users\/1"}],"replies":[{"embeddable":true,"href":"https:\/\/qsms.bme.hu\/index.php\/wp-json\/wp\/v2\/comments?post=32"}],"version-history":[{"count":31,"href":"https:\/\/qsms.bme.hu\/index.php\/wp-json\/wp\/v2\/pages\/32\/revisions"}],"predecessor-version":[{"id":1857,"href":"https:\/\/qsms.bme.hu\/index.php\/wp-json\/wp\/v2\/pages\/32\/revisions\/1857"}],"wp:attachment":[{"href":"https:\/\/qsms.bme.hu\/index.php\/wp-json\/wp\/v2\/media?parent=32"}],"curies":[{"name":"wp","href":"https:\/\/api.w.org\/{rel}","templated":true}]}}