{"id":18,"date":"2018-10-05T07:59:39","date_gmt":"2018-10-05T07:59:39","guid":{"rendered":"http:\/\/qsms.mokk.bme.hu\/?page_id=18"},"modified":"2020-09-29T14:14:14","modified_gmt":"2020-09-29T14:14:14","slug":"contact","status":"publish","type":"page","link":"https:\/\/qsms.bme.hu\/index.php\/contact\/","title":{"rendered":"Contact"},"content":{"rendered":"<ul>\n<li>Quantitative Social and Management Sciences Research Group<br \/>\nFaculty of Economic and Social Sciences<br \/>\nBudapest University of Technology and Economics<\/li>\n<li>BME Building Q<\/li>\n<li>Magyar tud\u00f3sok k\u00f6r\u00fatja 2, H-1117, Budapest, Hungary<\/li>\n<li><a href=\"mailto:egervari.zsuzsanna@qsms.bme.hu\">egervari.zsuzsanna@qsms.bme.hu<\/a><\/li>\n<li>Like our <a href=\"https:\/\/www.facebook.com\/qsmsgroup\/\">Facebook page<\/a>!<\/li>\n<\/ul>\n<p><iframe loading=\"lazy\" style=\"border: 0;\" src=\"https:\/\/www.google.com\/maps\/embed?pb=!1m18!1m12!1m3!1d2696.851365761956!2d19.05769151582721!3d47.47332580516792!2m3!1f0!2f0!3f0!3m2!1i1024!2i768!4f13.1!3m3!1m2!1s0x4741ddaa3514e031%3A0x22ab4283e147d415!2zQk1FIFEgw6lww7xsZXQ!5e0!3m2!1sfr!2shu!4v1539329350432\" width=\"600\" height=\"450\" frameborder=\"0\" allowfullscreen=\"allowfullscreen\"><\/iframe><\/p>\n","protected":false},"excerpt":{"rendered":"<p>Quantitative Social and Management Sciences Research Group Faculty of Economic and Social Sciences Budapest University of Technology and Economics BME Building Q Magyar tud\u00f3sok k\u00f6r\u00fatja 2, H-1117, Budapest, Hungary egervari.zsuzsanna@qsms.bme.hu Like our Facebook page!<\/p>\n","protected":false},"author":1,"featured_media":0,"parent":0,"menu_order":0,"comment_status":"closed","ping_status":"closed","template":"","meta":{"footnotes":""},"class_list":["post-18","page","type-page","status-publish","hentry"],"_links":{"self":[{"href":"https:\/\/qsms.bme.hu\/index.php\/wp-json\/wp\/v2\/pages\/18","targetHints":{"allow":["GET"]}}],"collection":[{"href":"https:\/\/qsms.bme.hu\/index.php\/wp-json\/wp\/v2\/pages"}],"about":[{"href":"https:\/\/qsms.bme.hu\/index.php\/wp-json\/wp\/v2\/types\/page"}],"author":[{"embeddable":true,"href":"https:\/\/qsms.bme.hu\/index.php\/wp-json\/wp\/v2\/users\/1"}],"replies":[{"embeddable":true,"href":"https:\/\/qsms.bme.hu\/index.php\/wp-json\/wp\/v2\/comments?post=18"}],"version-history":[{"count":11,"href":"https:\/\/qsms.bme.hu\/index.php\/wp-json\/wp\/v2\/pages\/18\/revisions"}],"predecessor-version":[{"id":946,"href":"https:\/\/qsms.bme.hu\/index.php\/wp-json\/wp\/v2\/pages\/18\/revisions\/946"}],"wp:attachment":[{"href":"https:\/\/qsms.bme.hu\/index.php\/wp-json\/wp\/v2\/media?parent=18"}],"curies":[{"name":"wp","href":"https:\/\/api.w.org\/{rel}","templated":true}]}}