{"id":1453,"date":"2022-11-04T15:12:31","date_gmt":"2022-11-04T15:12:31","guid":{"rendered":"https:\/\/qsms.bme.hu\/?page_id=1453"},"modified":"2025-04-28T13:54:09","modified_gmt":"2025-04-28T13:54:09","slug":"christopher-stapenhurst","status":"publish","type":"page","link":"https:\/\/qsms.bme.hu\/index.php\/christopher-stapenhurst\/","title":{"rendered":"Christopher Stapenhurst"},"content":{"rendered":"\n<div class=\"wp-block-media-text alignwide is-stacked-on-mobile\" style=\"grid-template-columns:27% auto\"><figure class=\"wp-block-media-text__media\"><img loading=\"lazy\" decoding=\"async\" width=\"607\" height=\"1024\" src=\"https:\/\/qsms.bme.hu\/wp-content\/uploads\/2022\/11\/b4e49e74f61439a4fcb0e686d2f6efc6.0-2-607x1024.jpg\" alt=\"\" class=\"wp-image-1493 size-full\" srcset=\"https:\/\/qsms.bme.hu\/wp-content\/uploads\/2022\/11\/b4e49e74f61439a4fcb0e686d2f6efc6.0-2-607x1024.jpg 607w, https:\/\/qsms.bme.hu\/wp-content\/uploads\/2022\/11\/b4e49e74f61439a4fcb0e686d2f6efc6.0-2-178x300.jpg 178w, https:\/\/qsms.bme.hu\/wp-content\/uploads\/2022\/11\/b4e49e74f61439a4fcb0e686d2f6efc6.0-2-768x1297.jpg 768w, https:\/\/qsms.bme.hu\/wp-content\/uploads\/2022\/11\/b4e49e74f61439a4fcb0e686d2f6efc6.0-2-910x1536.jpg 910w, https:\/\/qsms.bme.hu\/wp-content\/uploads\/2022\/11\/b4e49e74f61439a4fcb0e686d2f6efc6.0-2.jpg 937w\" sizes=\"auto, (max-width: 607px) 85vw, 607px\" \/><\/figure><div class=\"wp-block-media-text__content\">\n<p>I am a Postdoctoral Researcher at QSMS Research Group at Budapest University of Technology and Economics. I completed my Ph.D. in Economics at the University of Edinburgh in 2022 under the supervision of Dr Andrew Clausen and Dr Ina Taneva. My research interests lie in microeconomic theory, applied statistics and environmental economics.<\/p>\n\n\n\n<p>Please see my <a href=\"https:\/\/sites.google.com\/view\/cstapenhurst\/\">personal website<\/a> for an up-tp-date list of my publications, working papers, works in progress and teaching.<\/p>\n\n\n\n<p><\/p>\n\n\n\n<p><\/p>\n\n\n\n<p><\/p>\n<\/div><\/div>\n\n\n<p><a href=\"https:\/\/sites.google.com\/view\/cstapenhurst\/home\"><img loading=\"lazy\" decoding=\"async\" class=\"alignleft wp-image-198\" src=\"https:\/\/qsms.bme.hu\/wp-content\/uploads\/2018\/10\/globe-300x300.png\" alt=\"Personal Website\" width=\"26\" height=\"26\" srcset=\"https:\/\/qsms.bme.hu\/wp-content\/uploads\/2018\/10\/globe-300x300.png 300w, https:\/\/qsms.bme.hu\/wp-content\/uploads\/2018\/10\/globe-150x150.png 150w, https:\/\/qsms.bme.hu\/wp-content\/uploads\/2018\/10\/globe.png 768w\" sizes=\"auto, (max-width: 26px) 85vw, 26px\" \/><\/a><a href=\"https:\/\/orcid.org\/0000-0002-1376-6481\" rel=\"attachment wp-att-151\"><img loading=\"lazy\" decoding=\"async\" class=\"alignleft wp-image-151 \" src=\"http:\/\/qsms.bme.hu\/wp-content\/uploads\/2018\/10\/orcid-150x150.png\" alt=\"\" width=\"26\" height=\"26\" srcset=\"https:\/\/qsms.bme.hu\/wp-content\/uploads\/2018\/10\/orcid-150x150.png 150w, https:\/\/qsms.bme.hu\/wp-content\/uploads\/2018\/10\/orcid.png 225w\" sizes=\"auto, (max-width: 26px) 85vw, 26px\" \/><\/a><a href=\"https:\/\/www.researchgate.net\/profile\/Christopher-Stapenhurst\"><img loading=\"lazy\" decoding=\"async\" class=\"wp-image-1461 alignleft\" src=\"http:\/\/qsms.bme.hu\/wp-content\/uploads\/2022\/10\/researchgate-150x150.jpg\" alt=\"\" width=\"29\" height=\"29\" srcset=\"https:\/\/qsms.bme.hu\/wp-content\/uploads\/2022\/10\/researchgate-150x150.jpg 150w, https:\/\/qsms.bme.hu\/wp-content\/uploads\/2022\/10\/researchgate.jpg 200w\" sizes=\"auto, (max-width: 29px) 85vw, 29px\" \/><\/a><a href=\"https:\/\/ideas.repec.org\/f\/pst948.html\"><img loading=\"lazy\" decoding=\"async\" class=\"alignnone wp-image-153 \" src=\"http:\/\/qsms.bme.hu\/wp-content\/uploads\/2018\/10\/repec-300x300.png\" alt=\"\" width=\"43\" height=\"43\" srcset=\"https:\/\/qsms.bme.hu\/wp-content\/uploads\/2018\/10\/repec-300x300.png 300w, https:\/\/qsms.bme.hu\/wp-content\/uploads\/2018\/10\/repec-150x150.png 150w, https:\/\/qsms.bme.hu\/wp-content\/uploads\/2018\/10\/repec.png 306w\" sizes=\"auto, (max-width: 43px) 85vw, 43px\" \/><\/a><\/p>\n<h5 id=\"contact\">Contact<\/h5>\n<p>QA327, Faculty of Economic and Social Sciences, Budapest University of Technology and Economics, Magyar tud\u00f3sok k\u00f6r\u00fatja 2, H-1117 Budapest. <a href=\"c.stapenhurst@edu.bme.hu\">c.stapenhurst@edu.bme.hu<\/a><\/p>\n<div class=\"mYVXT\">\n<div class=\"LS81yb VICjCf\" tabindex=\"-1\">\n<div class=\"hJDwNd-AhqUyc-uQSCkd purZT-AhqUyc-II5mzb pSzOP-AhqUyc-qWD73c JNdkSc\">\n<div class=\"JNdkSc-SmKAyb\">\n<div class=\"\">\n<div class=\"oKdM2c Kzv0Me\">\n<div id=\"h.3ee9dfde13d1e088_60\" class=\"hJDwNd-AhqUyc-uQSCkd jXK9ad D2fZ2 OjCsFc wHaque GNzUNc\">\n<div class=\"jXK9ad-SmKAyb\">\n<div>\u00a0<\/div>\n<\/div>\n<\/div>\n<\/div>\n<\/div>\n<\/div>\n<\/div>\n<\/div>\n<\/div>\n\n\n<div class=\"wp-block-group\"><div class=\"wp-block-group__inner-container is-layout-flow wp-block-group-is-layout-flow\">\n<div class=\"wp-block-columns is-layout-flex wp-container-core-columns-is-layout-9d6595d7 wp-block-columns-is-layout-flex\">\n<div class=\"wp-block-column is-layout-flow wp-block-column-is-layout-flow\" style=\"flex-basis:100%\"><\/div>\n<\/div>\n<\/div><\/div>\n","protected":false},"excerpt":{"rendered":"<p>I am a Postdoctoral Researcher at QSMS Research Group at Budapest University of Technology and Economics. I completed my Ph.D. in Economics at the University of Edinburgh in 2022 under the supervision of Dr Andrew Clausen and Dr Ina Taneva. My research interests lie in microeconomic theory, applied statistics and environmental economics. Please see my &hellip; <a href=\"https:\/\/qsms.bme.hu\/index.php\/christopher-stapenhurst\/\" class=\"more-link\">Continue reading<span class=\"screen-reader-text\"> &#8220;Christopher Stapenhurst&#8221;<\/span><\/a><\/p>\n","protected":false},"author":16,"featured_media":0,"parent":0,"menu_order":0,"comment_status":"closed","ping_status":"closed","template":"","meta":{"footnotes":""},"class_list":["post-1453","page","type-page","status-publish","hentry"],"_links":{"self":[{"href":"https:\/\/qsms.bme.hu\/index.php\/wp-json\/wp\/v2\/pages\/1453","targetHints":{"allow":["GET"]}}],"collection":[{"href":"https:\/\/qsms.bme.hu\/index.php\/wp-json\/wp\/v2\/pages"}],"about":[{"href":"https:\/\/qsms.bme.hu\/index.php\/wp-json\/wp\/v2\/types\/page"}],"author":[{"embeddable":true,"href":"https:\/\/qsms.bme.hu\/index.php\/wp-json\/wp\/v2\/users\/16"}],"replies":[{"embeddable":true,"href":"https:\/\/qsms.bme.hu\/index.php\/wp-json\/wp\/v2\/comments?post=1453"}],"version-history":[{"count":26,"href":"https:\/\/qsms.bme.hu\/index.php\/wp-json\/wp\/v2\/pages\/1453\/revisions"}],"predecessor-version":[{"id":1884,"href":"https:\/\/qsms.bme.hu\/index.php\/wp-json\/wp\/v2\/pages\/1453\/revisions\/1884"}],"wp:attachment":[{"href":"https:\/\/qsms.bme.hu\/index.php\/wp-json\/wp\/v2\/media?parent=1453"}],"curies":[{"name":"wp","href":"https:\/\/api.w.org\/{rel}","templated":true}]}}