{"id":1361,"date":"2022-09-26T08:46:41","date_gmt":"2022-09-26T08:46:41","guid":{"rendered":"http:\/\/qsms.bme.hu\/?page_id=1361"},"modified":"2024-11-02T14:06:58","modified_gmt":"2024-11-02T14:06:58","slug":"sreoshi-banerjee","status":"publish","type":"page","link":"https:\/\/qsms.bme.hu\/index.php\/sreoshi-banerjee\/","title":{"rendered":"Sreoshi Banerjee"},"content":{"rendered":"\n<p><a href=\"#contact\">Contact<\/a>&nbsp; &nbsp; &nbsp;&nbsp;<a href=\"#resint\">Interests<\/a>&nbsp; &nbsp; &nbsp; <a href=\"#selpub\">Publications<\/a>&nbsp; &nbsp; &nbsp; <a href=\"#wip\">Work in progress<\/a><\/p>\n\n\n<div class=\"wp-block-image\">\n<figure class=\"alignleft is-resized\"><img loading=\"lazy\" decoding=\"async\" width=\"1024\" height=\"797\" src=\"https:\/\/qsms.bme.hu\/wp-content\/uploads\/2022\/09\/25352099_1636961859672589_4727158755504406325_o-1024x797.jpg\" alt=\"\" class=\"wp-image-1362\" style=\"width:292px;height:auto\" srcset=\"https:\/\/qsms.bme.hu\/wp-content\/uploads\/2022\/09\/25352099_1636961859672589_4727158755504406325_o-1024x797.jpg 1024w, https:\/\/qsms.bme.hu\/wp-content\/uploads\/2022\/09\/25352099_1636961859672589_4727158755504406325_o-300x233.jpg 300w, https:\/\/qsms.bme.hu\/wp-content\/uploads\/2022\/09\/25352099_1636961859672589_4727158755504406325_o-768x597.jpg 768w, https:\/\/qsms.bme.hu\/wp-content\/uploads\/2022\/09\/25352099_1636961859672589_4727158755504406325_o-1200x933.jpg 1200w, https:\/\/qsms.bme.hu\/wp-content\/uploads\/2022\/09\/25352099_1636961859672589_4727158755504406325_o.jpg 1481w\" sizes=\"auto, (max-width: 709px) 85vw, (max-width: 909px) 67vw, (max-width: 1362px) 62vw, 840px\" \/><\/figure>\n<\/div>\n\n\n<p class=\"has-text-align-left\"><a href=\"https:\/\/sites.google.com\/view\/sreoshibanerjee\/home\" data-type=\"link\" data-id=\"https:\/\/sites.google.com\/view\/sreoshibanerjee\/home\">Sreoshi Banerjee<\/a> is a postdoctoral researcher at the QSMS Research Centre of Budapest University of Technology and Economics (BME) and is currently on the  2024 academic job market!<\/p>\n\n\n\n<p class=\"has-text-align-left\">She was a visiting postdoctoral fellow at the University of Rochester and worked with <a href=\"https:\/\/www.sas.rochester.edu\/eco\/people\/faculty\/thomson_william\/index.html\"> Prof. William Thomson<\/a>.<\/p>\n\n\n\n<p>She completed her PhD in Quantitative Economics at the Indian Statistical Institute under the supervision of <a href=\"https:\/\/web.isical.ac.in\/manipushpak-mitra\">Late Prof. (HAG) Manipushpak Mitra<\/a>. She also visited the Economics and Planning Unit (EPU) at the Indian Statistical Institute, Delhi and worked with <a href=\"https:\/\/www.isid.ac.in\/~dmishra\/\">Prof. Debasis Mishra<\/a>.<\/p>\n\n\n\n<p>Her doctoral thesis is a comprehensive study on the strategic and normative impact of welfare bounds on the class of sequencing problems. She completed her masters in Economics from Jawaharlal Nehru University (CITD) and earned a bachelor&#8217;s degree in Economics from Shri Ram College of Commerce (SRCC), Delhi University. <\/p>\n\n\n\n<p>This is her Google site >>> <a href=\"https:\/\/sites.google.com\/view\/sreoshibanerjee\/home\" data-type=\"link\" data-id=\"https:\/\/sites.google.com\/view\/sreoshibanerjee\/home\">Sreoshi Banerjee <\/a>. <br>You can download her resume here >>> <a href=\"https:\/\/drive.google.com\/file\/d\/11bTYY_t_I2BTFPK_aIRFMUb1O2tXDxN1\/view?usp=sharing\" data-type=\"link\" data-id=\"https:\/\/qsms.bme.hu\/wp-login.php?itsec-hb-token=iroda\">CV<\/a><\/p>\n\n\n\n<p>Check out her profiles on  <a href=\"https:\/\/www.linkedin.com\/feed\/\" data-type=\"link\" data-id=\"https:\/\/www.linkedin.com\/feed\/\">LinkedIn<\/a> and  <a href=\"https:\/\/x.com\/sreoshititli?lang=en\" data-type=\"link\" data-id=\"https:\/\/x.com\/sreoshititli?lang=en\">X<\/a>. <\/p>\n\n\n\n<h5 class=\"wp-block-heading\" id=\"contact\">Contact details<\/h5>\n\n\n\n<p>QA324, Faculty of Economic and Social Sciences, Budapest University of Technology and Economics, Magyar tud\u00f3sok k\u00f6r\u00fatja 2, H-1117 Budapest, Hungary.<\/p>\n\n\n\n<p>Email: <a href=\"mailto:banerjee.sreoshi@gtk.bme.hu\">banerjee.sreoshi@gtk.bme.hu<\/a>, <a href=\"mailto:sreoshi.banerjee@gmail.com\">sreoshi.banerjee@gmail.com<\/a><\/p>\n\n\n\n<h5 class=\"wp-block-heading\" id=\"resint\">Research interests<\/h5>\n\n\n\n<p>queueing theory, mechanism design, cooperative game theory, microeconomic fairness <\/p>\n\n\n\n<h5 class=\"wp-block-heading\">Job Market Paper<\/h5>\n\n\n\n<p><a href=\"https:\/\/drive.google.com\/file\/d\/1957IzEnof953-MXhrTvydB6xDJDnfb7M\/view?usp=sharing\" data-type=\"link\" data-id=\"https:\/\/drive.google.com\/file\/d\/1957IzEnof953-MXhrTvydB6xDJDnfb7M\/view?usp=sharing\">On the (non-coincidence) of the serial and the Shapley solutions in multi-server waiting line problems<\/a> with <a href=\"https:\/\/sites.google.com\/view\/trudeauc\/home\" data-type=\"link\" data-id=\"https:\/\/sites.google.com\/view\/trudeauc\/home\">Christian Trudeau<\/a>.<br><em>This is a working paper. Click here for the latest version.<\/em><\/p>\n\n\n\n<h5 class=\"wp-block-heading\" id=\"selpub\">Publications<\/h5>\n\n\n\n<ul class=\"wp-block-list\">\n<li>Banerjee S., Mitra, M. (2021) <a href=\"https:\/\/www.sciencedirect.com\/science\/article\/abs\/pii\/S0165176521002408\" target=\"_blank\" rel=\"noopener\">Lorenz optimality for sequencing problems with welfare bounds<\/a> <em> Economics Letters<\/em>, <a href=\"https:\/\/www.sciencedirect.com\/journal\/economics-letters\/vol\/205\/suppl\/C\">Volume 205<\/a>,&nbsp;August 2021, 109963<\/li>\n\n\n\n<li>Banerjee S., De P., and Mitra M. (2024) <a href=\"https:\/\/link.springer.com\/article\/10.1007\/s00355-024-01531-4\">Generalized welfare lower bounds and strategyproofness in sequencing problems<\/a> <em>Social Choice and Welfare<\/em>, Volume 63, pages 323\u2013357, July 2024.  <\/li>\n<\/ul>\n\n\n\n<h5 class=\"wp-block-heading\" id=\"wip\">Working papers<\/h5>\n\n\n\n<ul class=\"wp-block-list\">\n<li><a href=\"https:\/\/drive.google.com\/file\/d\/1P-VWV9ppGji6iOyTyt-bl1ATdZ8yrnoV\/view?usp=drive_link\" target=\"_blank\" rel=\"noreferrer noopener\">E-FAST agreements for abating Marine Plastics Polluion<\/a>&nbsp;with <a href=\"https:\/\/sites.google.com\/view\/cstapenhurst\/\" data-type=\"link\" data-id=\"https:\/\/sites.google.com\/view\/cstapenhurst\/\">Christopher Stapenhurst<\/a>. Funded by the Sustainable Development and Technologies National Programme of the Hungarian Academy of Sciences.<\/li>\n\n\n\n<li><a href=\"https:\/\/mpra.ub.uni-muenchen.de\/120188\/\" target=\"_blank\" rel=\"noreferrer noopener\">On identifying efficient, fair and stable allocations in &#8220;generalized&#8221; sequencing games.<\/a>&nbsp;<\/li>\n\n\n\n<li>Scheduling with divisible jobs with <a href=\"https:\/\/sites.google.com\/view\/trudeauc\/home\" data-type=\"link\" data-id=\"https:\/\/sites.google.com\/view\/trudeauc\/home\">Christian Trudeau<\/a>.&nbsp;&nbsp;<a href=\"https:\/\/docs.google.com\/presentation\/d\/1RZ_PNZmNlwVaDSWQtOenJEUZsorcdRTr\/edit?usp=drive_link&amp;ouid=105348106718311111354&amp;rtpof=true&amp;sd=true\" target=\"_blank\" rel=\"noreferrer noopener\">Slides (preliminary results)<\/a>&nbsp;(working draft coming soon).<\/li>\n\n\n\n<li>Gains from income redistribution through progressive transfers with <a href=\"https:\/\/sites.google.com\/view\/ramses-h-abul-naga\/\">Ramses Abul Naga<\/a>  and <a href=\"https:\/\/sites.google.com\/view\/cstapenhurst\/\">Christopher Stapenhurst<\/a> (work in progress).<\/li>\n<\/ul>\n\n\n\n<h5 class=\"wp-block-heading\">Teaching and Thesis supervision<\/h5>\n\n\n\n<ul class=\"wp-block-list\">\n<li>Price and Price Forecasting (MSc Finance), Spring&#8217;24- <a href=\"https:\/\/drive.google.com\/drive\/u\/0\/folders\/1ghr8XvWCng1btURzXtBAcbumBDnrBM5k\">Lecture notes<\/a>.<\/li>\n\n\n\n<li>&#8220;Risk Management\/ESG&#8221; &#8211; masters theses (7 students), Fall&#8217;24 and Spring&#8217;25.<\/li>\n\n\n\n<li>Intensive Week Seminar: a workshop on &#8220;Cooperative Game Theory and a road to supply chain management&#8221; (Fall 2022, 2024) &#8211; <a href=\"https:\/\/docs.google.com\/presentation\/d\/1bPGzzuVcMN1W1ZbRFkiuyOuG3sc4jiXM\/edit#slide=id.p1\">Module 1<\/a>, <a href=\"https:\/\/docs.google.com\/presentation\/d\/1jLtBstuAclbrKauAWJB3_8bPg5JpSWXn\/edit#slide=id.p1\">Module 2<\/a>.<\/li>\n<\/ul>\n\n\n\n<p><\/p>\n","protected":false},"excerpt":{"rendered":"<p>Contact&nbsp; &nbsp; &nbsp;&nbsp;Interests&nbsp; &nbsp; &nbsp; Publications&nbsp; &nbsp; &nbsp; Work in progress Sreoshi Banerjee is a postdoctoral researcher at the QSMS Research Centre of Budapest University of Technology and Economics (BME) and is currently on the 2024 academic job market! She was a visiting postdoctoral fellow at the University of Rochester and worked with Prof. William &hellip; <a href=\"https:\/\/qsms.bme.hu\/index.php\/sreoshi-banerjee\/\" class=\"more-link\">Continue reading<span class=\"screen-reader-text\"> &#8220;Sreoshi Banerjee&#8221;<\/span><\/a><\/p>\n","protected":false},"author":15,"featured_media":0,"parent":0,"menu_order":0,"comment_status":"closed","ping_status":"closed","template":"","meta":{"footnotes":""},"class_list":["post-1361","page","type-page","status-publish","hentry"],"_links":{"self":[{"href":"https:\/\/qsms.bme.hu\/index.php\/wp-json\/wp\/v2\/pages\/1361","targetHints":{"allow":["GET"]}}],"collection":[{"href":"https:\/\/qsms.bme.hu\/index.php\/wp-json\/wp\/v2\/pages"}],"about":[{"href":"https:\/\/qsms.bme.hu\/index.php\/wp-json\/wp\/v2\/types\/page"}],"author":[{"embeddable":true,"href":"https:\/\/qsms.bme.hu\/index.php\/wp-json\/wp\/v2\/users\/15"}],"replies":[{"embeddable":true,"href":"https:\/\/qsms.bme.hu\/index.php\/wp-json\/wp\/v2\/comments?post=1361"}],"version-history":[{"count":18,"href":"https:\/\/qsms.bme.hu\/index.php\/wp-json\/wp\/v2\/pages\/1361\/revisions"}],"predecessor-version":[{"id":1808,"href":"https:\/\/qsms.bme.hu\/index.php\/wp-json\/wp\/v2\/pages\/1361\/revisions\/1808"}],"wp:attachment":[{"href":"https:\/\/qsms.bme.hu\/index.php\/wp-json\/wp\/v2\/media?parent=1361"}],"curies":[{"name":"wp","href":"https:\/\/api.w.org\/{rel}","templated":true}]}}